*2 - 88. Determine b(4).
4
Let m(i) be the first derivative of -i**4/2 + i**3 - i**2/2 - 1. Let g be 1*(5*3/5 + -1). Calculate m(g).
-6
Suppose 5 = 3*x - 1. Let r(a) = -4*a - a**3 + 1 + 0*a**2 + a**2 - 7*a**x + 0*a**2. Suppose 12 = -3*l - 3*o, o - 6 = 2*l + 5*o. Give r(l).
-4
Suppose 3*x + x = 16. Suppose -o - 2 = x*z - 0, 3*o = -2*z + 4. Let r(l) = l**2 + 3*l - 3. Give r(o).
7
Let h(y) = -y + 15. Let r be h(11). Suppose 0 = 2*m - 4*a, 2*a - a = r*m - 14. Let q(p) = p**3 - 3*p**2 - 6*p + 4. Determine q(m).
-4
Let c be (3 + -2)/(2/(-12)). Let h be (-1)/(-3) + 2/c. Let q be h + -3 + (-2 - -2). Let o(l) = l + 3. What is o(q)?
0
Suppose 4*b = -u + 26, 5*b + 10 = -2*u + 41. Let x(q) = -q**3 + 8*q**2 - 7*q - 4. Calculate x(b).
-4
Let j(p) = p + 7. Let s be j(-5). Let q(a) = 4 - a - a**2 - s*a**2 + 2*a**2. Suppose -n + 0 = -v - 2, 0 = 2*n - 4*v - 8. Determine q(n).
4
Let n(r) be the third derivative of -r**6/120 + r**5/20 - r**4/8 - r**3/2 - r**2. Let s be (0 + 2)/((114/9)/19). What is n(s)?
-12
Let o be 2 - (1/(-1) - 58). Suppose -2*c = 5*q - o, 0 = 2*q + 2*c + c - 20. Suppose 3*r = 4*r - 3, q = a + 5*r. Let l(t) = 2*t**3 + 4*t**2 + 2*t - 2. Give l(a).
-6
Let i(g) = g**3 - g**2 + g - 2. Suppose 2*u + 10 = -0. Let p(r) = r**3 + 5*r**2 + r + 5. Let x be p(u). Give i(x).
-2
Let t be (-1)/(1/(-2) - 0). Let o(j) = 5*j**2 + 1. Let w be o(-1). Suppose -y - t = -w. Let m(b) = b**2 - 6*b + 5. Determine m(y).
-3
Suppose -2*o - 163 = -153. Let c(z) = 6*z + 6. Calculate c(o).
-24
Let n be (-1)/(0 + 3/(-3)). Let m(b) be the third derivative of -b**5/20 + b**4/24 - b**3/6 - 12*b**2. Calculate m(n).
-3
Let s(y) = 5*y**3 + 1. Let h be s(1). Let l(i) = 54 - h*i**2 - i - i**3 - 59 - 6*i. Determine l(-5).
5
Let q(v) = v**3 - 2*v**2 - 4*v. Suppose 0*j = -2*j + 3*m + 43, -4*m + 56 = 4*j. Suppose j*d - 14*d - 9 = 0. Calculate q(d).
-3
Suppose 0 = 11*u + 97 + 2. Let v(g) = g**3 + 8*g**2 - 9*g - 12. Give v(u).
-12
Let d(n) = 16*n**3 + n**2 + 29*n**3 - 44*n**3. Suppose -2*x = -5*s + 4 - 2, -2*s - 5 = 5*x. What is d(s)?
0
Let q(c) be the second derivative of -c**5/20 + c**3/3 + c**2/2 - c. Suppose -25 = -5*b + 4*k, -k - 4 = 1. Suppose -b - 2 = 3*h. Calculate q(h).
0
Let h(l) = 2 - 4 - 2*l - 2 + 3 - 12*l**2. Determine h(-1).
-11
Let w(b) be the first derivative of -2 - 1/4*b**4 + 4/3*b**3 + 4*b + 1/2*b**2. Let u be -1 + -1 + (-6)/(-1). Give w(u).
8
Suppose -3*n - q + 5*q = 3, -3*q + 16 = -5*n. Let r(m) = m**3 + 5*m**2 - 5*m - 1. Give r(n).
24
Let z = 7 + -4. Let n(m) = -m**z + m - 1 + 4*m**2 + 3*m - m. Determine n(4).
11
Let d = -1 + 6. Let l(o) = o**3 - 5*o**2 - 3. Determine l(d).
-3
Let y(d) = -3. Let c(f) = -f - 4. Let t(j) = -2*c(j) + 3*y(j). Calculate t(-5).
-11
Suppose 0 = 3*y + y + 4*j - 32, -8 = -y - 5*j. Let k(p) = -p**2 + 8*p - 5. Let f be k(y). Let g(o) = -o**3 - 4*o**2 + 5*o - 5. Calculate g(f).
-5
Let v = -89 + 271/3. Let i(p) be the first derivative of 0*p - 2 - v*p**3 + 0*p**2. What is i(-1)?
-4
Let x(g) be the first derivative of -g**3/3 - 4*g**2 - 6*g - 1. Let m be 5*4/(1 - 5). Give x(m).
9
Let r(c) = 3*c**2 - 1. Let h = 14 + -13. Calculate r(h).
2
Let h(v) be the first derivative of 3*v + 1 + 7/3*v**3 - 1/4*v**4 - 4*v**2. Determine h(6).
-9
Let y(o) = -o**3 + 5*o**2 - 6*o + 6. Suppose 4*x - 5 - 11 = 0. What is y(x)?
-2
Suppose -5*w + 0*w + 20 = -m, 3*w = -3*m + 12. Let h(i) = -60 - 58 + 122 - i. What is h(m)?
4
Let x(w) = -9*w + 3. Let n(g) = -4*g + 2. Let d(i) = -7*n(i) + 3*x(i). Give d(6).
1
Suppose 0 = 2*z + 4*b + 22, -z - 20 = 4*b + 1. Let u(q) be the second derivative of 7*q**3/6 + q**2/2 + 2*q. Calculate u(z).
-6
Let b be 8 + (-3 - -5)*1. Let q be 12/b*90/27. Let p(v) be the second derivative of -v**3/2 + 2*v**2 + 2*v. Determine p(q).
-8
Let n(t) = t**3 + 8*t**2 + 7*t + 6. Let b be -1*(-1)/2*-14. Let f be n(b). Let z(o) = -o**3 + 7*o**2 - 7*o - 4. What is z(f)?
-10
Suppose -2*v = -3*v + 5. Let n(b) = b**2 - b - 1. Let r(h) = -5*h**2 + h + 6. Let y(f) = -6*n(f) - r(f). What is y(v)?
0
Let w(r) = 2*r + 19. Let p(m) = m + 9. Let v(h) = -9*p(h) + 4*w(h). Suppose 0 = -3*j + 30 + 3. Let g = j - 6. Determine v(g).
-10
Let w(b) = -b**3 + 4*b**2 + 5*b + 1. Suppose -25 = -0*h - 5*h. Calculate w(h).
1
Suppose 4*t + 28 = -3*f + 6, -5*f + t = 29. Let i(l) = -l**3 - 7*l**2 - 2*l + 8. Give i(f).
-16
Let p = 7 + -3. Let h(q) be the first derivative of -q**5/120 + 7*q**4/24 - q**3/3 - 1. Let c(r) be the third derivative of h(r). Calculate c(p).
3
Let k be 2/9 + 21/27. Let c = 3 - k. Let t(g) = -4*g + 3 - 2*g**2 + 0*g**3 + 4*g**2 - g**3. Determine t(c).
-5
Let h(i) be the second derivative of -i**5/20 + i**4/3 + 7*i**3/6 - 5*i**2/2 + 36*i. Calculate h(5).
5
Suppose 0 = -2*i + j + 6, 4*i + 5*j - 32 = -6. Let h(p) = i - p**3 - 1 - p**2 - 4. Give h(0).
-1
Let z(b) be the third derivative of 1/120*b**6 + 0*b + 1/30*b**5 + 0 - 1/12*b**4 - 4*b**2 + 1/6*b**3. Suppose 2*v + 10 = 4. Give z(v).
-2
Let a(f) = f**3 + 4*f**2 - 3*f - 3. Let q be -1 + -2 + -2 - -3. Let l be q - 4*2/4. Determine a(l).
9
Suppose 5*b + 1 - 11 = 0. Let a(g) = 12*g - 1 - 13*g + b. Let p(v) = 3*v - 15. Let m(u) = -2*a(u) - p(u). Give m(0).
13
Let d(p) be the second derivative of -p**5/20 + p**4/3 - p**3/6 - p**2/2 + p. Let u(g) = 13 - 13 + 2*g**2 + 2*g. Let o be u(-2). Give d(o).
-5
Let y(w) = -w**3 - 5*w**2 - 2*w - 5. Suppose 3*x = 3*h - 6*h - 6, -2*h = 4*x. Let p(a) = 0*a**2 + a**2 + x*a - 4 + 8*a. Let k be p(-10). Calculate y(k).
-13
Let r(q) = 0 + 3 + 2*q + 0. Suppose 1 + 4 = -5*a. Let c be 1/(-2)*(-6)/a. What is r(c)?
-3
Suppose 0 = -2*m + 4*k - 16, -14 = -3*m + 8*m + 3*k. Let y(b) = 2*b**2 + 7*b + 6. What is y(m)?
10
Let n(u) = 3 + 3*u - 2*u**3 + 2*u**3 - 3*u**3. Let a(h) = 7*h**3 - h**2 - 6*h - 7. Let y(q) = 2*a(q) + 5*n(q). Suppose 3*j = -8 - 1. What is y(j)?
1
Let c(q) = -q**3 - 6*q**2 + 7*q - 5. Let s = -24 - -17. Calculate c(s).
-5
Let z(o) = -15*o**2 + 4*o - 3. Let h(r) = 29*r**2 - 9*r + 7. Let s(c) = 4*h(c) + 9*z(c). What is s(-1)?
-18
Let g(m) = m**2 + 4*m + 2. Let t(i) = 8*i**2 - 8*i + 3 + 0*i**2 - 1 - i**3. Let j be t(7). Calculate g(j).
7
Let r(l) = -3*l - 2. Let c be r(2). Let m(h) = 1 - h + 0*h + h + h. What is m(c)?
-7
Let x(m) = -2*m**2 + 6*m - m**3 + m + 3*m**2 - 5*m. Let v = 4 + 0. Suppose s + v = 3*s. Give x(s).
0
Let m(l) be the third derivative of l**4/8 - 5*l**3/6 - 4*l**2. Give m(5).
10
Let d(j) = j**3 - 3*j**2 - j + 3. Suppose k + 2*b = 3*k - 10, -4*b - 12 = 0. Suppose 3*z = -2*l + 3, -5*z + 2*l + 19 = -k. Calculate d(z).
0
Let d be (-8 + 4)*(-9)/12*1. Let b(x) be the first derivative of -1/2*x**2 + 1 + 1/3*x**d - x. Determine b(0).
-1
Let r(v) = 1. Let x(d) = -3*d + 7. Let j(o) = r(o) - x(o). Let s be (-2)/(-4)*(0 + 0). Suppose 0 = -s*g - 5*g + 20. Calculate j(g).
6
Let y(r) = r + 4. Suppose 2*t - 5*t = -3. Let a(n) = 5 - 2 - 4. Let u(l) = t*y(l) + 3*a(l). Give u(1).
2
Suppose -u + 2 - 35 = 5*c, 0 = -4*c - 2*u - 30. Let v(f) = 3*f - 1. Give v(c).
-19
Suppose 2*r = -3*r + 5*s - 10, -5 = -s. Let b(o) = -2*o**r - 4*o**2 + 0*o**2 + 3*o**3 + 2. Let j be (-2 - -1)/1 + 4. Determine b(j).
-7
Let n = 11 + -15. Let z = n + 7. Let p(o) = -10*o + o**z + 3 + 3 + 8*o + 4*o**2. Calculate p(-5).
-9
Let g(j) = -j**2 + j + 1. Let c(n) = 4*n**2 - 8*n - 4. Let m(t) = -c(t) - 5*g(t). Let i be (0 + 2)/(-2)*2. Let b be i*(7/2 + -2). Determine m(b).
-1
Let r = -1 - 5. Let l(s) = s**3 + 7*s**2 + 5*s. Let t be l(r). Let a(g) = -g**3 + 7*g**2 - 6*g + 8. Determine a(t).
8
Let a(y) = y**3 + 2*y**2 - 2. Let d(o) = o**2 + 2*o - 5. Let n be d(-3). Calculate a(n).
-2
Let w(n) be the second derivative of n**6/720 - n**4/6 + 7*n. Let l(h) be the third derivative of w(h). Calculate l(3).
3
Let n(k) = -k**3 + 6*k**2 - k. Let v be 125/(-10)*4/(-10). What is n(v)?
20
Let w(v) = -v**3 + 2*v**2 + 2*v - 1. Suppose 4 = -p + 2*p. Suppose 0*h = p*h - 84. Suppose -5*n + 8*n = 3*q + 18, 3*n = 4*q + h. Give w(n).
-4
Let c(j) = -j + 5. Let o be 18/(-45) + (-17)/(-5). Suppose z + z + 16 = -o*l, 4*z - 4*l = -52. Let i(k) = -2*k + 9. Let f(s) = z*c(s) + 6*i(s). What is f(-1)?
0
Let k be (-11)/55 - 26/(-5). Let v = k + -4. Let q(x) = -3*x**3 - 2*x**2 - 7*x + 7. Let d(n) = -n**3 - n**2 - 3*n + 3. Let y(c) = 5*d(c) - 2*q(c). What is y(v)?
0
Let s = 90 + -86. Let i(o) = o**3 - 6*o**2 + 4*o + 2. What is i(s)?
-14
Let s(v) = -v**